121
In base 7, what is 50305 + -1?
50304
In base 14, what is 4 - 82?
-7c
In base 16, what is -143 - -2?
-141
In base 10, what is -39 + 18?
-21
In base 2, what is 100 + -111100?
-111000
In base 13, what is -ac9 + -12?
-b0b
In base 16, what is -1a - cd?
-e7
In base 16, what is -9f - 4?
-a3
In base 3, what is -11111 + 2?
-11102
In base 3, what is 21022 - 0?
21022
In base 13, what is 8 + -414?
-409
In base 5, what is -1201 + -1?
-1202
In base 7, what is -6 + 323?
314
In base 14, what is 36 - 38?
-2
In base 12, what is -8 - -14?
8
In base 10, what is -799 + -3?
-802
In base 4, what is -2220 - 22?
-2302
In base 13, what is 0 - -2?
2
In base 10, what is 892 - -3?
895
In base 6, what is -15345 + -3?
-15352
In base 8, what is -273 - -6?
-265
In base 2, what is 10 + 11010010?
11010100
In base 6, what is 33 - -433?
510
In base 11, what is -88a + 3?
-887
In base 13, what is 3308 + 0?
3308
In base 7, what is 113 - -46?
162
In base 15, what is 9 - 10?
-6
In base 6, what is -53 + -1?
-54
In base 6, what is -23 - 1?
-24
In base 13, what is 2 - -30?
32
In base 10, what is 2 + 178?
180
In base 12, what is 7 + 7?
12
In base 16, what is 14d + 6?
153
In base 13, what is -26 + 6?
-20
In base 5, what is 10 + 112?
122
In base 13, what is -5 + 2ac?
2a7
In base 14, what is -1db6 - -4?
-1db2
In base 10, what is -12799 + -4?
-12803
In base 4, what is 3 - -100?
103
In base 6, what is -112 - 4?
-120
In base 16, what is -9b - c?
-a7
In base 7, what is -1265 - -3?
-1262
In base 5, what is 23 - -340?
413
In base 3, what is -2 - -12102100?
12102021
In base 14, what is 10c2 + 3?
10c5
In base 14, what is 1 - a4?
-a3
In base 12, what is 0 + -9?
-9
In base 7, what is -4 + 44?
40
In base 13, what is -8 - 1ac?
-1b7
In base 10, what is 106 - -13?
119
In base 15, what is 55 + 4?
59
In base 9, what is 8 - -21?
30
In base 4, what is -3130301 - -10?
-3130231
In base 10, what is -1769 - -3?
-1766
In base 5, what is 0 + 204?
204
In base 14, what is 3504 - 5?
34dd
In base 13, what is ca - 2?
c8
In base 11, what is -17 + -4?
-20
In base 4, what is 3223111 - 2?
3223103
In base 16, what is 1 - 21?
-20
In base 16, what is 1 - d99?
-d98
In base 16, what is 150 + 5?
155
In base 13, what is 0 + -1ab?
-1ab
In base 2, what is -101000110010 - 10?
-101000110100
In base 15, what is -1 + -6da?
-6db
In base 10, what is 5 + -82?
-77
In base 16, what is -2c3 - -2?
-2c1
In base 2, what is -11 + -1101101110?
-1101110001
In base 11, what is -704 - -3?
-701
In base 6, what is -1405 - -5?
-1400
In base 9, what is 58 - 10?
48
In base 14, what is -56 + -5?
-5b
In base 4, what is -11 - -1000?
323
In base 4, what is -1 + -1211012?
-1211013
In base 10, what is -2793 + 2?
-2791
In base 8, what is -5 + 26?
21
In base 11, what is 383 - -15?
398
In base 16, what is 1 - 168?
-167
In base 3, what is 201120 - 0?
201120
In base 4, what is 3 + -1023?
-1020
In base 4, what is 3103 + -112?
2331
In base 14, what is 2 - bb?
-b9
In base 9, what is -42 - -7?
-34
In base 2, what is 1000 + -110?
10
In base 14, what is -2 + 0?
-2
In base 5, what is -31211 - -4?
-31202
In base 8, what is -1 + -176?
-177
In base 4, what is 10 - -10031?
10101
In base 4, what is -10 + 11?
1
In base 8, what is -11 + 243?
232
In base 9, what is -3 - 27?
-31
In base 11, what is 318 + 4?
321
In base 9, what is 2 - 257?
-255
In base 7, what is -33 + 230?
164
In base 8, what is 1676 - -4?
1702
In base 16, what is 1d0 - 3?
1cd
In base 15, what is -26dc + 3?
-26d9
In base 9, what is -16 + 566?
550
In base 11, what is 128 + -5?
123
In base 6, what is -1321 - -4?
-1313
In base 5, what is -1 - 24?
-30
In base 9, what is -33 + -14?
-47
In base 9, what is -26 + -58?
-85
In base 11, what is -4 + -74?
-78
In base 12, what is 529 + 2?
52b
In base 3, what is 22 - 201?
-102
In base 16, what is 65f + 5?
664
In base 6, what is 4 - -115?
123
In base 4, what is -32 - -122?
30
In base 14, what is 3 - -30?
33
In base 2, what is -101 - 11000?
-11101
In base 14, what is 1 - 76b?
-76a
In base 14, what is -3 - -3c?
39
In base 8, what is 5 - -1213?
1220
In base 7, what is 54 - 55?
-1
In base 5, what is -24 - 1042?
-1121
In base 12, what is 3 - 32?
-2b
In base 13, what is -5c4 - -4?
-5c0
In base 3, what is -2220 - 111?
-10101
In base 5, what is 3 + -202?
-144
In base 3, what is -10 - 0?
-10
In base 10, what is 0 - -142?
142
In base 5, what is -3044 - 3?
-3102
In base 14, what is -104 + 19?
-c9
In base 16, what is 1e - 32?
-14
In base 3, what is 11122 - -10?
11202
In base 3, what is -2 - 2002?
-2011
In base 2, what is 101 - -1000000?
1000101
In base 14, what is 83 + -48?
39
In base 4, what is 1020223 + 3?
1020232
In base 6, what is 30014 + 4?
30022
In base 7, what is 1 - -443?
444
In base 9, what is -38 - -11?
-27
In base 11, what is 7 + -237?
-230
In base 8, what is -15 - 206?
-223
In base 2, what is 0 - -1010001?
1010001
In base 3, what is -10 + -1200?
-1210
In base 14, what is 1c01 - 3?
1bdc
In base 10, what is 371 - 44?
327
In base 10, what is 12 - 7?
5
In base 4, what is -10 - -1002?
332
In base 14, what is 58 + -3?
55
In base 2, what is -10000 - 11101?
-101101
In base 8, what is 3032 + 31?
3063
In base 10, what is 1 + -980?
-979
In base 6, what is -222 - -255?
33
In base 13, what is 98 + 78?
143
In base 9, what is 4 + 77?
82
In base 2, what is 1000010 - 11001?
101001
In base 13, what is -b - ab?
-b9
In base 14, what is 34c - 2?
34a
In base 11, what is 5 - 61?
-57
In base 15, what is -3d2 + 12?
-3c0
In base 16, what is 101 + 5?
106
In base 3, what is 20110 - -11?
20121
In base 5, what is -30 - 41?
-121
In base 10, what is 639 + -4?
635
In base 5, what is -10 - 1240?
-1300
In base 15, what is 26 - -8?
2e
In base 11, what is 6 - 113?
-108
In base 5, what is 1004 - 2?
1002
In base 5, what is -22 - 103?
-130
In base 12, what is 2 - -229?
22b
In base 10, what is -784 + 1?
-783
In base 9, what is 25 - -5?
31
In base 5, what is -20034 - -3?
-20031
In base 6, what is 3 + 0?
3
In base 10, what is 24 - 3?
21
In base 6, what is -432 + 5?
-423
In base 14, what is -6 - 172a?
-1732
In base 13, what is 92c5 + -3?
92c2
In base 15, what is 1 - 21?
-20
In base 4, what is 11 - 1013?
-1002
In base 15, what is 1 + 216?
217
In base 16, what is -fd + 3?
-fa
In base 16, what is -3 + -a1?
-a4
In base 9, what is 45 + 62?
117
In base 4, what is -200 + -20200?
-21000
In base 7, what is 3 - -332?
335
In base 14, what is 966 - -3?
969
In base 14, what is -5 + -117?
-11c
In base 14, what is 541 + 6?
547
In base 10, what is 9 - 955?
-946
In base 10, what is 5 - -379?
384
In base 8, what is 7075 + -3?
7072
In base 13, what is -117 - 0?
-117
In base 15, what is a - 61?
-56
In base 12, what is -3 - -a?
7
In base 16, what is -25 + -5?
-2a
In base 12, what is 145 - 13?
132
In base 7, what is -1 - 11601?
-11602
In base 11, what is -293 + -1?
-294
In base 5, what is 3234 + 1?
3240
In base 10, what is -184 + -3?
-187
In base 8, what is 174 - -121?
315
In base 11, what is -3 - -919?
916
In base 2, what is 1100 - -11101011?
11110111
In base 14, what is -1d - 32?
-51
In base 7, what is 4 - -3323?
3330
In base 2, what is 10001100111010101 + 10?
10001100111010111
In base 13, what is -21 + -cc?
-120
In base 5, what is -3324 + -44?
-3423
In base 9, what is 16603 + 2?
16605
In base 12, what is 6 + 15?
1b
In base 15, what is -2 + 166c?
166a
In base 16, what is 0 + -411?
-411
In base 4, what is 1 - -100?
101
In base 3, what is -11 - 12020?
-12101
In base 9, what is -45 - -20?
-25
In base 11, what is -345 - 5?
-34a
In base 6, what is 513 - -2?
515
In base 2, what is 0 - -111111?
111111
In base 8, what is -3 - 10040?
-10043
In base 6, what is 25 - 2?
23
In base 8, what is 3 + 72?
75
In base 6, what is 3 - 423?
-420
In base 7, what is 1115 - 0?
1115
In base 12, what is -4 - -21?
19
In base 3, what is 111120 - -10?
111200
In base 4, what is -20131 + -1?
-20132
In base 3, what is 112 + -22200?
-22011
In base 4, what is -100221 + 33?
-100122
In base 14, what is -13 - -33d?
32a
In base 2, what is -101 + 110011100?
110010111
In base 8, what is 16 + -43?
-25
In base 15, what is 300 + -5?
2ea
In base 2, what is 1000010101 + 0?
1000010101
In base 8, what is 44 + 0?
44
In base 5, what is 3 + 113?
121
In base 8, what is 2 + 143?
145
In base 16, what is -16 - 1?
-17
In base 15, what is -5 - -e?
9
In base 6, what is -5 - 2400?
-2405
In ba